[INFO] cloning repository https://github.com/enigmampc/secret-raffle
[INFO] running `Command { std: "git" "-c" "credential.helper=" "-c" "credential.helper=/workspace/cargo-home/bin/git-credential-null" "clone" "--bare" "https://github.com/enigmampc/secret-raffle" "/workspace/cache/git-repos/https%3A%2F%2Fgithub.com%2Fenigmampc%2Fsecret-raffle", kill_on_drop: false }`
[INFO] [stderr] Cloning into bare repository '/workspace/cache/git-repos/https%3A%2F%2Fgithub.com%2Fenigmampc%2Fsecret-raffle'...
[INFO] running `Command { std: "git" "rev-parse" "HEAD", kill_on_drop: false }`
[INFO] [stdout] 461c3618f51ca73a3f29ff936e626747f981dbee
[INFO] checking enigmampc/secret-raffle against try#72f88fc4e9458f89516a0b8b0868f3718aec5b47 for pr-74989
[INFO] running `Command { std: "git" "clone" "/workspace/cache/git-repos/https%3A%2F%2Fgithub.com%2Fenigmampc%2Fsecret-raffle" "/workspace/builds/worker-2/source", kill_on_drop: false }`
[INFO] [stderr] Cloning into '/workspace/builds/worker-2/source'...
[INFO] [stderr] done.
[INFO] validating manifest of git repo https://github.com/enigmampc/secret-raffle on toolchain 72f88fc4e9458f89516a0b8b0868f3718aec5b47
[INFO] running `Command { std: "/workspace/cargo-home/bin/cargo" "+72f88fc4e9458f89516a0b8b0868f3718aec5b47" "read-manifest" "--manifest-path" "Cargo.toml", kill_on_drop: false }`
[INFO] removed /workspace/builds/worker-2/source/.cargo/config
[INFO] started tweaking git repo https://github.com/enigmampc/secret-raffle
[INFO] finished tweaking git repo https://github.com/enigmampc/secret-raffle
[INFO] tweaked toml for git repo https://github.com/enigmampc/secret-raffle written to /workspace/builds/worker-2/source/Cargo.toml
[INFO] crate git repo https://github.com/enigmampc/secret-raffle already has a lockfile, it will not be regenerated
[INFO] running `Command { std: "/workspace/cargo-home/bin/cargo" "+72f88fc4e9458f89516a0b8b0868f3718aec5b47" "fetch" "--locked" "--manifest-path" "Cargo.toml", kill_on_drop: false }`
[INFO] [stderr]     Updating git repository `https://github.com/enigmampc/SecretNetwork`
[INFO] [stderr]     Blocking waiting for file lock on package cache
[INFO] [stderr]  Downloading crates ...
[INFO] [stderr]   Downloaded target-lexicon v0.10.0
[INFO] [stderr]   Downloaded blake3 v0.3.4
[INFO] [stderr]   Downloaded gimli v0.20.0
[INFO] [stderr]   Downloaded cranelift-native v0.59.0
[INFO] [stderr]   Downloaded cranelift-codegen-meta v0.59.0
[INFO] [stderr]   Downloaded wasmer-clif-backend v0.17.0
[INFO] [stderr]   Downloaded wasmparser v0.51.4
[INFO] [stderr]   Downloaded wasmer-middleware-common v0.17.0
[INFO] [stderr]   Downloaded cranelift-codegen v0.59.0
[INFO] [stderr]   Downloaded wasmer-clif-fork-frontend v0.59.0
[INFO] [stderr]   Downloaded wasmer-win-exception-handler v0.17.0
[INFO] [stderr]   Downloaded wasmer-runtime-core v0.17.0
[INFO] [stderr]   Downloaded generic-array v0.14.3
[INFO] [stderr]   Downloaded errno v0.2.5
[INFO] [stderr]   Downloaded wasmer-clif-fork-wasm v0.59.0
[INFO] [stderr]   Downloaded cranelift-bforest v0.59.0
[INFO] [stderr]   Downloaded cranelift-codegen-shared v0.59.0
[INFO] [stderr]   Downloaded cranelift-entity v0.59.0
[INFO] [stderr]   Downloaded cosmwasm-schema v0.9.2
[INFO] [stderr]   Downloaded wasmer-singlepass-backend v0.17.0
[INFO] [stderr]   Downloaded cosmwasm-std v0.9.2
[INFO] [stderr]   Downloaded cosmwasm-vm v0.9.2
[INFO] running `Command { std: "docker" "create" "-v" "/var/lib/crater-agent-workspace/builds/worker-2/target:/opt/rustwide/target:rw,Z" "-v" "/var/lib/crater-agent-workspace/builds/worker-2/source:/opt/rustwide/workdir:ro,Z" "-v" "/var/lib/crater-agent-workspace/cargo-home:/opt/rustwide/cargo-home:ro,Z" "-v" "/var/lib/crater-agent-workspace/rustup-home:/opt/rustwide/rustup-home:ro,Z" "-e" "SOURCE_DIR=/opt/rustwide/workdir" "-e" "CARGO_TARGET_DIR=/opt/rustwide/target" "-e" "CARGO_HOME=/opt/rustwide/cargo-home" "-e" "RUSTUP_HOME=/opt/rustwide/rustup-home" "-w" "/opt/rustwide/workdir" "-m" "1610612736" "--user" "0:0" "--network" "none" "rustops/crates-build-env@sha256:d92eaeed33fa75130ca1ee6c8a01d1ffb62bac859dfdfb3450e3e5d1c0146529" "/opt/rustwide/cargo-home/bin/cargo" "+72f88fc4e9458f89516a0b8b0868f3718aec5b47" "metadata" "--no-deps" "--format-version=1", kill_on_drop: false }`
[INFO] [stdout] 526996bc152480725d3d58115f5a474874cca0ea349b9a592d97c719a4f79737
[INFO] [stderr] WARNING: Your kernel does not support swap limit capabilities or the cgroup is not mounted. Memory limited without swap.
[INFO] running `Command { std: "docker" "start" "-a" "526996bc152480725d3d58115f5a474874cca0ea349b9a592d97c719a4f79737", kill_on_drop: false }`
[INFO] running `Command { std: "docker" "inspect" "526996bc152480725d3d58115f5a474874cca0ea349b9a592d97c719a4f79737", kill_on_drop: false }`
[INFO] running `Command { std: "docker" "rm" "-f" "526996bc152480725d3d58115f5a474874cca0ea349b9a592d97c719a4f79737", kill_on_drop: false }`
[INFO] [stdout] 526996bc152480725d3d58115f5a474874cca0ea349b9a592d97c719a4f79737
[INFO] running `Command { std: "docker" "create" "-v" "/var/lib/crater-agent-workspace/builds/worker-2/target:/opt/rustwide/target:rw,Z" "-v" "/var/lib/crater-agent-workspace/builds/worker-2/source:/opt/rustwide/workdir:ro,Z" "-v" "/var/lib/crater-agent-workspace/cargo-home:/opt/rustwide/cargo-home:ro,Z" "-v" "/var/lib/crater-agent-workspace/rustup-home:/opt/rustwide/rustup-home:ro,Z" "-e" "SOURCE_DIR=/opt/rustwide/workdir" "-e" "CARGO_TARGET_DIR=/opt/rustwide/target" "-e" "CARGO_INCREMENTAL=0" "-e" "RUST_BACKTRACE=full" "-e" "RUSTFLAGS=--cap-lints=forbid" "-e" "CARGO_HOME=/opt/rustwide/cargo-home" "-e" "RUSTUP_HOME=/opt/rustwide/rustup-home" "-w" "/opt/rustwide/workdir" "-m" "1610612736" "--user" "0:0" "--network" "none" "rustops/crates-build-env@sha256:d92eaeed33fa75130ca1ee6c8a01d1ffb62bac859dfdfb3450e3e5d1c0146529" "/opt/rustwide/cargo-home/bin/cargo" "+72f88fc4e9458f89516a0b8b0868f3718aec5b47" "check" "--frozen" "--all" "--all-targets" "--message-format=json", kill_on_drop: false }`
[INFO] [stdout] b2bab82c34f7d51d4275eba6b923c8132e022ab459feb2ecfdd7e7f96983f3d0
[INFO] [stderr] WARNING: Your kernel does not support swap limit capabilities or the cgroup is not mounted. Memory limited without swap.
[INFO] running `Command { std: "docker" "start" "-a" "b2bab82c34f7d51d4275eba6b923c8132e022ab459feb2ecfdd7e7f96983f3d0", kill_on_drop: false }`
[INFO] [stderr]    Compiling proc-macro2 v1.0.18
[INFO] [stderr]    Compiling syn v1.0.33
[INFO] [stderr]    Compiling serde_derive v1.0.114
[INFO] [stderr]    Compiling serde v1.0.114
[INFO] [stderr]    Compiling libc v0.2.71
[INFO] [stderr]    Compiling cc v1.0.57
[INFO] [stderr]    Compiling target-lexicon v0.10.0
[INFO] [stderr]     Checking smallvec v1.4.1
[INFO] [stderr]    Compiling cranelift-codegen-shared v0.59.0
[INFO] [stderr]    Compiling cranelift-entity v0.59.0
[INFO] [stderr]    Compiling serde_json v1.0.56
[INFO] [stderr]    Compiling doc-comment v0.3.3
[INFO] [stderr]    Compiling schemars v0.7.6
[INFO] [stderr]    Compiling subtle v1.0.0
[INFO] [stderr]    Compiling log v0.4.8
[INFO] [stderr]    Compiling arrayref v0.3.6
[INFO] [stderr]    Compiling constant_time_eq v0.1.5
[INFO] [stderr]    Compiling arrayvec v0.5.1
[INFO] [stderr]    Compiling version_check v0.9.2
[INFO] [stderr]    Compiling rayon-core v1.7.1
[INFO] [stderr]    Compiling nix v0.15.0
[INFO] [stderr]     Checking wasmparser v0.51.4
[INFO] [stderr]     Checking byte-tools v0.3.1
[INFO] [stderr]     Checking hex v0.4.2
[INFO] [stderr]     Checking either v1.5.3
[INFO] [stderr]     Checking opaque-debug v0.2.3
[INFO] [stderr]     Checking fake-simd v0.1.2
[INFO] [stderr]     Checking ppv-lite86 v0.2.8
[INFO] [stderr]     Checking rand_core v0.5.1
[INFO] [stderr]     Checking cpuid-bool v0.1.2
[INFO] [stderr]     Checking opaque-debug v0.3.0
[INFO] [stderr]     Checking parity-wasm v0.41.0
[INFO] [stderr]    Compiling indexmap v1.4.0
[INFO] [stderr]    Compiling memoffset v0.5.5
[INFO] [stderr]    Compiling rayon v1.3.1
[INFO] [stderr]     Checking cranelift-bforest v0.59.0
[INFO] [stderr]    Compiling cranelift-codegen-meta v0.59.0
[INFO] [stderr]     Checking block-padding v0.1.5
[INFO] [stderr]    Compiling typenum v1.12.0
[INFO] [stderr]     Checking generic-array v0.12.3
[INFO] [stderr]     Checking crossbeam-queue v0.2.3
[INFO] [stderr]     Checking crossbeam-epoch v0.8.2
[INFO] [stderr]    Compiling generic-array v0.14.3
[INFO] [stderr]     Checking digest v0.8.1
[INFO] [stderr]     Checking crypto-mac v0.7.0
[INFO] [stderr]     Checking block-buffer v0.7.3
[INFO] [stderr]     Checking rand_chacha v0.2.2
[INFO] [stderr]     Checking crossbeam-deque v0.7.3
[INFO] [stderr]     Checking sha2 v0.8.2
[INFO] [stderr]    Compiling blake3 v0.3.4
[INFO] [stderr]    Compiling raw-cpuid v7.0.3
[INFO] [stderr]    Compiling quote v1.0.7
[INFO] [stderr]     Checking digest v0.9.0
[INFO] [stderr]     Checking block-buffer v0.9.0
[INFO] [stderr]     Checking sha2 v0.9.1
[INFO] [stderr]     Checking parking_lot_core v0.7.2
[INFO] [stderr]     Checking page_size v0.4.2
[INFO] [stderr]     Checking num_cpus v1.13.0
[INFO] [stderr]     Checking errno v0.2.5
[INFO] [stderr]     Checking memmap v0.7.0
[INFO] [stderr]     Checking parking_lot v0.10.2
[INFO] [stderr]    Compiling wasmer-runtime-core v0.17.0
[INFO] [stderr]    Compiling serde_derive_internals v0.25.0
[INFO] [stderr]    Compiling cranelift-codegen v0.59.0
[INFO] [stderr]    Compiling schemars_derive v0.7.6
[INFO] [stderr]    Compiling thiserror-impl v1.0.20
[INFO] [stderr]    Compiling snafu-derive v0.6.8
[INFO] [stderr]     Checking thiserror v1.0.20
[INFO] [stderr]     Checking snafu v0.6.8
[INFO] [stderr]     Checking serde-json-wasm v0.2.1
[INFO] [stderr]     Checking serde-bench v0.0.7
[INFO] [stderr]     Checking bincode v1.3.1
[INFO] [stderr]     Checking serde_bytes v0.11.5
[INFO] [stderr]     Checking gimli v0.20.0
[INFO] [stderr]     Checking cosmwasm-std v0.9.0-alpha1 (https://github.com/enigmampc/SecretNetwork?tag=v0.7.0#b3c77fa8)
[INFO] [stderr]     Checking cosmwasm-std v0.9.2
[INFO] [stderr]     Checking cosmwasm-schema v0.9.2
[INFO] [stderr]     Checking cosmwasm-storage v0.9.0-alpha1 (https://github.com/enigmampc/SecretNetwork?tag=v0.7.0#b3c77fa8)
[INFO] [stderr]     Checking secret-raffle v0.1.0 (/opt/rustwide/workdir)
[INFO] [stderr]     Checking wasmer-middleware-common v0.17.0
[INFO] [stderr]     Checking wasmer-clif-fork-frontend v0.59.0
[INFO] [stderr]     Checking cranelift-native v0.59.0
[INFO] [stderr]     Checking wasmer-clif-fork-wasm v0.59.0
[INFO] [stderr]     Checking wasmer-clif-backend v0.17.0
[INFO] [stderr]     Checking cosmwasm-vm v0.9.2
[INFO] [stdout] error[E0433]: failed to resolve: use of undeclared type or module `secret_lootbox`
[INFO] [stdout]  --> examples/schema.rs:6:5
[INFO] [stdout]   |
[INFO] [stdout] 6 | use secret_lootbox::msg::{HandleMsg, InitMsg, QueryMsg};
[INFO] [stdout]   |     ^^^^^^^^^^^^^^ use of undeclared type or module `secret_lootbox`
[INFO] [stdout] 
[INFO] [stdout] 
[INFO] [stdout] error[E0433]: failed to resolve: use of undeclared type or module `secret_lootbox`
[INFO] [stdout]  --> examples/schema.rs:7:5
[INFO] [stdout]   |
[INFO] [stdout] 7 | use secret_lootbox::state::State;
[INFO] [stdout]   |     ^^^^^^^^^^^^^^ use of undeclared type or module `secret_lootbox`
[INFO] [stdout] 
[INFO] [stdout] 
[INFO] [stdout] error[E0412]: cannot find type `InitMsg` in this scope
[INFO] [stdout]   --> examples/schema.rs:15:32
[INFO] [stdout]    |
[INFO] [stdout] 15 |     export_schema(&schema_for!(InitMsg), &out_dir);
[INFO] [stdout]    |                                ^^^^^^^ not found in this scope
[INFO] [stdout]    |
[INFO] [stdout] help: consider importing this struct
[INFO] [stdout]    |
[INFO] [stdout] 1  | use secret_raffle::msg::InitMsg;
[INFO] [stdout]    |
[INFO] [stdout] 
[INFO] [stdout] 
[INFO] [stdout] error[E0412]: cannot find type `HandleMsg` in this scope
[INFO] [stdout]   --> examples/schema.rs:16:32
[INFO] [stdout]    |
[INFO] [stdout] 16 |     export_schema(&schema_for!(HandleMsg), &out_dir);
[INFO] [stdout]    |                                ^^^^^^^^^ not found in this scope
[INFO] [stdout]    |
[INFO] [stdout] help: consider importing this enum
[INFO] [stdout]    |
[INFO] [stdout] 1  | use secret_raffle::msg::HandleMsg;
[INFO] [stdout]    |
[INFO] [stdout] 
[INFO] [stdout] 
[INFO] [stdout] error[E0412]: cannot find type `QueryMsg` in this scope
[INFO] [stdout]   --> examples/schema.rs:17:32
[INFO] [stdout]    |
[INFO] [stdout] 17 |     export_schema(&schema_for!(QueryMsg), &out_dir);
[INFO] [stdout]    |                                ^^^^^^^^ not found in this scope
[INFO] [stdout]    |
[INFO] [stdout] help: consider importing this enum
[INFO] [stdout]    |
[INFO] [stdout] 1  | use secret_raffle::msg::QueryMsg;
[INFO] [stdout]    |
[INFO] [stdout] 
[INFO] [stdout] 
[INFO] [stdout] error[E0412]: cannot find type `State` in this scope
[INFO] [stdout]   --> examples/schema.rs:18:32
[INFO] [stdout]    |
[INFO] [stdout] 18 |     export_schema(&schema_for!(State), &out_dir);
[INFO] [stdout]    |                                ^^^^^ not found in this scope
[INFO] [stdout]    |
[INFO] [stdout] help: consider importing this struct
[INFO] [stdout]    |
[INFO] [stdout] 1  | use secret_raffle::state::State;
[INFO] [stdout]    |
[INFO] [stdout] 
[INFO] [stdout] 
[INFO] [stdout] error[E0433]: failed to resolve: use of undeclared type or module `secret_lootbox`
[INFO] [stdout]   --> tests/integration.rs:23:5
[INFO] [stdout]    |
[INFO] [stdout] 23 | use secret_lootbox::msg::{CountResponse, HandleMsg, InitMsg, QueryMsg};
[INFO] [stdout]    |     ^^^^^^^^^^^^^^ use of undeclared type or module `secret_lootbox`
[INFO] [stdout] 
[INFO] [stdout] 
[INFO] [stdout] warning: unused imports: `HandleResponse`, `HandleResult`, `InitResponse`, `StdError`, `coins`, `from_binary`
[INFO] [stdout]   --> tests/integration.rs:20:20
[INFO] [stdout]    |
[INFO] [stdout] 20 | use cosmwasm_std::{coins, from_binary, HandleResponse, HandleResult, InitResponse, StdError};
[INFO] [stdout]    |                    ^^^^^  ^^^^^^^^^^^  ^^^^^^^^^^^^^^  ^^^^^^^^^^^^  ^^^^^^^^^^^^  ^^^^^^^^
[INFO] [stdout]    |
[INFO] [stdout]    = note: `#[warn(unused_imports)]` on by default
[INFO] [stdout] 
[INFO] [stdout] 
[INFO] [stdout] warning: unused imports: `handle`, `init`, `mock_env`, `mock_instance`, `query`
[INFO] [stdout]   --> tests/integration.rs:21:28
[INFO] [stdout]    |
[INFO] [stdout] 21 | use cosmwasm_vm::testing::{handle, init, mock_env, mock_instance, query};
[INFO] [stdout]    |                            ^^^^^^  ^^^^  ^^^^^^^^  ^^^^^^^^^^^^^  ^^^^^
[INFO] [stdout] 
[INFO] [stdout] 
[INFO] [stdout] error: aborting due to previous error; 2 warnings emitted
[INFO] [stdout] 
[INFO] [stdout] 
[INFO] [stdout] For more information about this error, try `rustc --explain E0433`.
[INFO] [stdout] 
[INFO] [stderr] error: could not compile `secret-raffle`.
[INFO] [stderr] 
[INFO] [stderr] To learn more, run the command again with --verbose.
[INFO] [stderr] warning: build failed, waiting for other jobs to finish...
[INFO] [stdout] error: aborting due to 6 previous errors
[INFO] [stdout] 
[INFO] [stdout] 
[INFO] [stdout] Some errors have detailed explanations: E0412, E0433.
[INFO] [stdout] 
[INFO] [stdout] For more information about an error, try `rustc --explain E0412`.
[INFO] [stdout] 
[INFO] [stderr] error: build failed
[INFO] running `Command { std: "docker" "inspect" "b2bab82c34f7d51d4275eba6b923c8132e022ab459feb2ecfdd7e7f96983f3d0", kill_on_drop: false }`
[INFO] running `Command { std: "docker" "rm" "-f" "b2bab82c34f7d51d4275eba6b923c8132e022ab459feb2ecfdd7e7f96983f3d0", kill_on_drop: false }`
[INFO] [stdout] b2bab82c34f7d51d4275eba6b923c8132e022ab459feb2ecfdd7e7f96983f3d0
